{"id":1005,"date":"2026-02-19T14:29:53","date_gmt":"2026-02-19T13:29:53","guid":{"rendered":"https:\/\/osae76.fr\/?page_id=1005"},"modified":"2026-02-19T14:39:29","modified_gmt":"2026-02-19T13:39:29","slug":"agenda-2025-2026","status":"publish","type":"page","link":"https:\/\/osae76.fr\/index.php\/agenda-2025-2026\/","title":{"rendered":"Agenda 2025-2026"},"content":{"rendered":"\n<figure class=\"wp-block-image size-large\"><img loading=\"lazy\" decoding=\"async\" width=\"1024\" height=\"571\" src=\"https:\/\/osae76.fr\/wp-content\/uploads\/2026\/02\/Capture-decran-2026-02-19-143221-1024x571.png\" alt=\"\" class=\"wp-image-1011\" srcset=\"https:\/\/osae76.fr\/wp-content\/uploads\/2026\/02\/Capture-decran-2026-02-19-143221-1024x571.png 1024w, https:\/\/osae76.fr\/wp-content\/uploads\/2026\/02\/Capture-decran-2026-02-19-143221-300x167.png 300w, https:\/\/osae76.fr\/wp-content\/uploads\/2026\/02\/Capture-decran-2026-02-19-143221-768x428.png 768w, https:\/\/osae76.fr\/wp-content\/uploads\/2026\/02\/Capture-decran-2026-02-19-143221.png 1054w\" sizes=\"auto, (max-width: 1024px) 100vw, 1024px\" \/><\/figure>\n\n\n\n<hr class=\"wp-block-separator has-alpha-channel-opacity\"\/>\n\n\n\n<div class=\"wp-block-media-text is-stacked-on-mobile is-vertically-aligned-top\" style=\"grid-template-columns:15% auto\"><figure class=\"wp-block-media-text__media\"><img loading=\"lazy\" decoding=\"async\" width=\"512\" height=\"512\" src=\"http:\/\/osae76.fr\/wp-content\/uploads\/2024\/08\/cropped-OSAE-logo-small-1_0045-1.png\" alt=\"\" class=\"wp-image-600 size-full\" srcset=\"https:\/\/osae76.fr\/wp-content\/uploads\/2024\/08\/cropped-OSAE-logo-small-1_0045-1.png 512w, https:\/\/osae76.fr\/wp-content\/uploads\/2024\/08\/cropped-OSAE-logo-small-1_0045-1-300x300.png 300w, https:\/\/osae76.fr\/wp-content\/uploads\/2024\/08\/cropped-OSAE-logo-small-1_0045-1-150x150.png 150w, https:\/\/osae76.fr\/wp-content\/uploads\/2024\/08\/cropped-OSAE-logo-small-1_0045-1-270x270.png 270w, https:\/\/osae76.fr\/wp-content\/uploads\/2024\/08\/cropped-OSAE-logo-small-1_0045-1-192x192.png 192w, https:\/\/osae76.fr\/wp-content\/uploads\/2024\/08\/cropped-OSAE-logo-small-1_0045-1-180x180.png 180w, https:\/\/osae76.fr\/wp-content\/uploads\/2024\/08\/cropped-OSAE-logo-small-1_0045-1-32x32.png 32w\" sizes=\"auto, (max-width: 512px) 100vw, 512px\" \/><\/figure><div class=\"wp-block-media-text__content\">\n<h4 class=\"wp-block-heading\">Dimanche 12 octobre 2025 \u00e0 16h00<\/h4>\n\n\n\n<h4 class=\"wp-block-heading\">Concert R\u00eaverie<\/h4>\n\n\n\n<h5 class=\"wp-block-heading\">\u00c9glise de l&rsquo;Immacul\u00e9e Conception ELBEUF<\/h5>\n\n\n\n<p><\/p>\n<\/div><\/div>\n\n\n\n<hr class=\"wp-block-separator has-alpha-channel-opacity\"\/>\n\n\n\n<div class=\"wp-block-media-text is-stacked-on-mobile is-vertically-aligned-top\" style=\"grid-template-columns:15% auto\"><figure class=\"wp-block-media-text__media\"><img loading=\"lazy\" decoding=\"async\" width=\"512\" height=\"512\" src=\"http:\/\/osae76.fr\/wp-content\/uploads\/2024\/08\/cropped-OSAE-logo-small-1_0045-1.png\" alt=\"\" class=\"wp-image-600 size-full\" srcset=\"https:\/\/osae76.fr\/wp-content\/uploads\/2024\/08\/cropped-OSAE-logo-small-1_0045-1.png 512w, https:\/\/osae76.fr\/wp-content\/uploads\/2024\/08\/cropped-OSAE-logo-small-1_0045-1-300x300.png 300w, https:\/\/osae76.fr\/wp-content\/uploads\/2024\/08\/cropped-OSAE-logo-small-1_0045-1-150x150.png 150w, https:\/\/osae76.fr\/wp-content\/uploads\/2024\/08\/cropped-OSAE-logo-small-1_0045-1-270x270.png 270w, https:\/\/osae76.fr\/wp-content\/uploads\/2024\/08\/cropped-OSAE-logo-small-1_0045-1-192x192.png 192w, https:\/\/osae76.fr\/wp-content\/uploads\/2024\/08\/cropped-OSAE-logo-small-1_0045-1-180x180.png 180w, https:\/\/osae76.fr\/wp-content\/uploads\/2024\/08\/cropped-OSAE-logo-small-1_0045-1-32x32.png 32w\" sizes=\"auto, (max-width: 512px) 100vw, 512px\" \/><\/figure><div class=\"wp-block-media-text__content\">\n<h4 class=\"wp-block-heading\">Dimanche 30 novembre 2025 \u00e0 16h00<\/h4>\n\n\n\n<h4 class=\"wp-block-heading\">Concert Dessins anim\u00e9s<\/h4>\n\n\n\n<h5 class=\"wp-block-heading\">Espace \u00ab\u00a0Bourvil \u00a0\u00bb CAUDEBEC L\u00c8S ELBEUF  <\/h5>\n\n\n\n<p>Au profit du t\u00e9l\u00e9thon, l&rsquo;orchestre jouera de nombreuses musiques de dessins anim\u00e9s et jeux vid\u00e9os, illustr\u00e9s par des images projet\u00e9es.<\/p>\n<\/div><\/div>\n\n\n\n<hr class=\"wp-block-separator has-alpha-channel-opacity\"\/>\n\n\n\n<div class=\"wp-block-media-text is-stacked-on-mobile is-vertically-aligned-top\" style=\"grid-template-columns:15% auto\"><figure class=\"wp-block-media-text__media\"><img loading=\"lazy\" decoding=\"async\" width=\"512\" height=\"512\" src=\"http:\/\/osae76.fr\/wp-content\/uploads\/2024\/08\/cropped-OSAE-logo-small-1_0045-1.png\" alt=\"\" class=\"wp-image-600 size-full\" srcset=\"https:\/\/osae76.fr\/wp-content\/uploads\/2024\/08\/cropped-OSAE-logo-small-1_0045-1.png 512w, https:\/\/osae76.fr\/wp-content\/uploads\/2024\/08\/cropped-OSAE-logo-small-1_0045-1-300x300.png 300w, https:\/\/osae76.fr\/wp-content\/uploads\/2024\/08\/cropped-OSAE-logo-small-1_0045-1-150x150.png 150w, https:\/\/osae76.fr\/wp-content\/uploads\/2024\/08\/cropped-OSAE-logo-small-1_0045-1-270x270.png 270w, https:\/\/osae76.fr\/wp-content\/uploads\/2024\/08\/cropped-OSAE-logo-small-1_0045-1-192x192.png 192w, https:\/\/osae76.fr\/wp-content\/uploads\/2024\/08\/cropped-OSAE-logo-small-1_0045-1-180x180.png 180w, https:\/\/osae76.fr\/wp-content\/uploads\/2024\/08\/cropped-OSAE-logo-small-1_0045-1-32x32.png 32w\" sizes=\"auto, (max-width: 512px) 100vw, 512px\" \/><\/figure><div class=\"wp-block-media-text__content\">\n<h4 class=\"wp-block-heading\">Du 27 au 29 d\u00e9cembre 2025<\/h4>\n\n\n\n<h4 class=\"wp-block-heading\">Voyage \u00e0 Lingen en Allemagne avec un concert le 28 d\u00e9cembre<\/h4>\n<\/div><\/div>\n\n\n\n<hr class=\"wp-block-separator has-alpha-channel-opacity\"\/>\n\n\n\n<div class=\"wp-block-media-text is-stacked-on-mobile is-vertically-aligned-top\" style=\"grid-template-columns:15% auto\"><figure class=\"wp-block-media-text__media\"><img loading=\"lazy\" decoding=\"async\" width=\"512\" height=\"512\" src=\"http:\/\/osae76.fr\/wp-content\/uploads\/2024\/08\/cropped-OSAE-logo-small-1_0045-1.png\" alt=\"\" class=\"wp-image-600 size-full\" srcset=\"https:\/\/osae76.fr\/wp-content\/uploads\/2024\/08\/cropped-OSAE-logo-small-1_0045-1.png 512w, https:\/\/osae76.fr\/wp-content\/uploads\/2024\/08\/cropped-OSAE-logo-small-1_0045-1-300x300.png 300w, https:\/\/osae76.fr\/wp-content\/uploads\/2024\/08\/cropped-OSAE-logo-small-1_0045-1-150x150.png 150w, https:\/\/osae76.fr\/wp-content\/uploads\/2024\/08\/cropped-OSAE-logo-small-1_0045-1-270x270.png 270w, https:\/\/osae76.fr\/wp-content\/uploads\/2024\/08\/cropped-OSAE-logo-small-1_0045-1-192x192.png 192w, https:\/\/osae76.fr\/wp-content\/uploads\/2024\/08\/cropped-OSAE-logo-small-1_0045-1-180x180.png 180w, https:\/\/osae76.fr\/wp-content\/uploads\/2024\/08\/cropped-OSAE-logo-small-1_0045-1-32x32.png 32w\" sizes=\"auto, (max-width: 512px) 100vw, 512px\" \/><\/figure><div class=\"wp-block-media-text__content\">\n<h4 class=\"wp-block-heading\">Dimanche 18 janvier 2026 \u00e0 16h00<\/h4>\n\n\n\n<h4 class=\"wp-block-heading\">Concert du Nouvel An \/ COMPLET<\/h4>\n\n\n\n<h5 class=\"wp-block-heading\">Salle \u00ab\u00a0Franklin\u00a0\u00bb ELBEUF <\/h5>\n\n\n\n<p>Venez f\u00eater l&rsquo;ann\u00e9e 2025 en musique autour d&rsquo;un programme \u00e9clectique ayant pour but de nous rassembler joyeusement pour d\u00e9marrer au mieux cette nouvelle ann\u00e9e !<\/p>\n<\/div><\/div>\n\n\n\n<hr class=\"wp-block-separator has-alpha-channel-opacity\"\/>\n\n\n\n<div class=\"wp-block-media-text is-stacked-on-mobile is-vertically-aligned-top\" style=\"grid-template-columns:15% auto\"><figure class=\"wp-block-media-text__media\"><img loading=\"lazy\" decoding=\"async\" width=\"512\" height=\"512\" src=\"http:\/\/osae76.fr\/wp-content\/uploads\/2024\/08\/cropped-OSAE-logo-small-1_0045-1.png\" alt=\"\" class=\"wp-image-600 size-full\" srcset=\"https:\/\/osae76.fr\/wp-content\/uploads\/2024\/08\/cropped-OSAE-logo-small-1_0045-1.png 512w, https:\/\/osae76.fr\/wp-content\/uploads\/2024\/08\/cropped-OSAE-logo-small-1_0045-1-300x300.png 300w, https:\/\/osae76.fr\/wp-content\/uploads\/2024\/08\/cropped-OSAE-logo-small-1_0045-1-150x150.png 150w, https:\/\/osae76.fr\/wp-content\/uploads\/2024\/08\/cropped-OSAE-logo-small-1_0045-1-270x270.png 270w, https:\/\/osae76.fr\/wp-content\/uploads\/2024\/08\/cropped-OSAE-logo-small-1_0045-1-192x192.png 192w, https:\/\/osae76.fr\/wp-content\/uploads\/2024\/08\/cropped-OSAE-logo-small-1_0045-1-180x180.png 180w, https:\/\/osae76.fr\/wp-content\/uploads\/2024\/08\/cropped-OSAE-logo-small-1_0045-1-32x32.png 32w\" sizes=\"auto, (max-width: 512px) 100vw, 512px\" \/><\/figure><div class=\"wp-block-media-text__content\">\n<h4 class=\"wp-block-heading\">Dimanche 29 Mars 2026 \u00e0 16h30<\/h4>\n\n\n\n<h4 class=\"wp-block-heading\">Spectacle Edith PIAF \/ COMPLET<\/h4>\n\n\n\n<h5 class=\"wp-block-heading\">Espace Torreton \u00e0 Saint Pierre les Elbeuf<\/h5>\n\n\n\n<p>Spectacle hommage \u00e0 Edith PIAF, d\u00e9j\u00e0 complet!!\u00a0<\/p>\n<\/div><\/div>\n\n\n\n<hr class=\"wp-block-separator has-alpha-channel-opacity\"\/>\n\n\n\n<div class=\"wp-block-media-text is-stacked-on-mobile is-vertically-aligned-top\" style=\"grid-template-columns:15% auto\"><figure class=\"wp-block-media-text__media\"><img loading=\"lazy\" decoding=\"async\" width=\"512\" height=\"512\" src=\"http:\/\/osae76.fr\/wp-content\/uploads\/2024\/08\/cropped-OSAE-logo-small-1_0045-1.png\" alt=\"\" class=\"wp-image-600 size-full\" srcset=\"https:\/\/osae76.fr\/wp-content\/uploads\/2024\/08\/cropped-OSAE-logo-small-1_0045-1.png 512w, https:\/\/osae76.fr\/wp-content\/uploads\/2024\/08\/cropped-OSAE-logo-small-1_0045-1-300x300.png 300w, https:\/\/osae76.fr\/wp-content\/uploads\/2024\/08\/cropped-OSAE-logo-small-1_0045-1-150x150.png 150w, https:\/\/osae76.fr\/wp-content\/uploads\/2024\/08\/cropped-OSAE-logo-small-1_0045-1-270x270.png 270w, https:\/\/osae76.fr\/wp-content\/uploads\/2024\/08\/cropped-OSAE-logo-small-1_0045-1-192x192.png 192w, https:\/\/osae76.fr\/wp-content\/uploads\/2024\/08\/cropped-OSAE-logo-small-1_0045-1-180x180.png 180w, https:\/\/osae76.fr\/wp-content\/uploads\/2024\/08\/cropped-OSAE-logo-small-1_0045-1-32x32.png 32w\" sizes=\"auto, (max-width: 512px) 100vw, 512px\" \/><\/figure><div class=\"wp-block-media-text__content\">\n<h4 class=\"wp-block-heading\">Samedi 6 juin 2026 \u00e0 20h<\/h4>\n\n\n\n<h4 class=\"wp-block-heading\">Conf\u00e9rence \/ Concert sur les oiseaux<\/h4>\n\n\n\n<h5 class=\"wp-block-heading\">Halle aux poissons ELBEUF<\/h5>\n\n\n\n<p>Une conf\u00e9rence sur les oiseaux, ponctu\u00e9es de blind test sur les chants d&rsquo;oiseaux et de musiques aux noms d&rsquo;oiseaux!!\u00a0<\/p>\n<\/div><\/div>\n\n\n\n<hr class=\"wp-block-separator has-alpha-channel-opacity\"\/>\n\n\n\n<hr class=\"wp-block-separator has-alpha-channel-opacity\"\/>\n\n\n\n<p><\/p>\n","protected":false},"excerpt":{"rendered":"<p>Dimanche 12 octobre 2025 \u00e0 16h00 Concert R\u00eaverie \u00c9glise de l&rsquo;Immacul\u00e9e Conception ELBEUF Dimanche 30 novembre 2025 \u00e0 16h00 Concert Dessins anim\u00e9s Espace \u00ab\u00a0Bourvil \u00a0\u00bb CAUDEBEC L\u00c8S ELBEUF Au profit du t\u00e9l\u00e9thon, l&rsquo;orchestre jouera de nombreuses musiques de dessins anim\u00e9s et jeux vid\u00e9os, illustr\u00e9s par des images projet\u00e9es. Du 27 au 29 d\u00e9cembre 2025 Voyage \u00e0 Lingen en Allemagne avec [&hellip;]<\/p>\n","protected":false},"author":1,"featured_media":0,"parent":0,"menu_order":0,"comment_status":"closed","ping_status":"closed","template":"","meta":{"footnotes":""},"class_list":["post-1005","page","type-page","status-publish","hentry"],"_links":{"self":[{"href":"https:\/\/osae76.fr\/index.php\/wp-json\/wp\/v2\/pages\/1005","targetHints":{"allow":["GET"]}}],"collection":[{"href":"https:\/\/osae76.fr\/index.php\/wp-json\/wp\/v2\/pages"}],"about":[{"href":"https:\/\/osae76.fr\/index.php\/wp-json\/wp\/v2\/types\/page"}],"author":[{"embeddable":true,"href":"https:\/\/osae76.fr\/index.php\/wp-json\/wp\/v2\/users\/1"}],"replies":[{"embeddable":true,"href":"https:\/\/osae76.fr\/index.php\/wp-json\/wp\/v2\/comments?post=1005"}],"version-history":[{"count":3,"href":"https:\/\/osae76.fr\/index.php\/wp-json\/wp\/v2\/pages\/1005\/revisions"}],"predecessor-version":[{"id":1012,"href":"https:\/\/osae76.fr\/index.php\/wp-json\/wp\/v2\/pages\/1005\/revisions\/1012"}],"wp:attachment":[{"href":"https:\/\/osae76.fr\/index.php\/wp-json\/wp\/v2\/media?parent=1005"}],"curies":[{"name":"wp","href":"https:\/\/api.w.org\/{rel}","templated":true}]}}